-1.
2, 3
Suppose 10 = 2*l + 66. Let i = l + 37. What are the prime factors of i?
3
Suppose w - 2*d + 5 = 2*w, 10 = 2*w - d. What are the prime factors of (-4520)/(-25) + 2 + (-9)/w?
181
List the prime factors of ((-8106)/12 - 10)*-4.
2, 3, 457
Let q = 16 + -14. Suppose 66 = q*l - 106. List the prime factors of l.
2, 43
Let u be ((891/(-18))/9)/(2/84). Let c = 416 + u. What are the prime factors of c?
5, 37
Suppose 3*g - 2 = -7*j + 2*j, -g = -5*j + 6. Let x be (4 + (g - 1))*-2. What are the prime factors of 1/(x/(496/(-4)))?
31
Let n be ((-20)/(-4))/(-1 + 2). Let o = -13 + 15. Suppose x - 54 = -n*h, 2*h + o*h = -4*x + 168. List the prime factors of x.
3, 13
Suppose -166 = 5*h - 3*u - 1100, 370 = 2*h - 3*u. What are the prime factors of h?
2, 47
Let m(k) = 11*k**2 - 2*k + 4. Let r be m(2). Let v = r - -46. List the prime factors of v.
2, 3, 5
Let d(h) = -15*h + 15. Let b(o) = -29*o + 29. Let t(c) = 6*b(c) - 11*d(c). What are the prime factors of t(-8)?
3
Let t be 4/(-8)*-2 + 46. Let j = t - 7. Let z = -20 + j. What are the prime factors of z?
2, 5
Let r = 484 - 235. What are the prime factors of r?
3, 83
Let i(g) = -g**2 + 11*g + 20. Let q be -4 + -1 + 3 + 2. Suppose 5*t = -3*y + 59, q*y = 4*t - 2*y - 34. List the prime factors of i(t).
2, 3, 5
Suppose 5*x = -6*f + 2*f + 516, 364 = 3*f - 2*x. What are the prime factors of f?
2, 31
Suppose 0 = -j - 3, -d + j = -5*d + 1085. What are the prime factors of d?
2, 17
Let g(s) = -62*s - 199. List the prime factors of g(-10).
421
Let w(v) = -3 - 4*v**2 - 2*v**3 + 3*v**2 - 2*v**2. Let t be w(-4). Let c = -54 + t. List the prime factors of c.
23
Let y(q) = -q**2 + 16*q - 38. What are the prime factors of y(9)?
5
Let u be 6/(-15) - 48/5. List the prime factors of 240/(-32)*84/u.
3, 7
Let l = -1492 + 2559. What are the prime factors of l?
11, 97
Let l(b) = -144*b + 12. List the prime factors of l(-3).
2, 3, 37
Let f = -153 - -312. Let y = -133 + f. List the prime factors of y.
2, 13
Let t(j) = 9*j + 2*j**2 - 3*j + 3 + j**2. Let p be t(-6). List the prime factors of 1640/p - 2/(-15).
2, 11
Suppose -6*f - 1808 = 4*d - 5622, 4*f = 4*d - 3764. List the prime factors of d.
2, 11, 43
Let w(u) = -91*u + 30. List the prime factors of w(-7).
23, 29
Let g be (3 + -2 - 0) + 1. Suppose -4*z = 4*c - 48, 3*c + g*c - 64 = -3*z. Let n = -6 + c. What are the prime factors of n?
2
Let d(p) = -p**2 + 3*p + 72. Let r be d(0). Suppose -r = -5*b + 18. List the prime factors of b.
2, 3
Let d = -3 - -161. List the prime factors of d/3 + 14/(-21).
2, 13
List the prime factors of (-1568)/(-686)*(-2954)/(-4).
2, 211
List the prime factors of (-12)/((-767)/(-2002) + 3/(-7)).
2, 3, 11
Suppose p = -2*k + 5, 9*k - 4*k + 3*p = 13. Suppose -4*g - k*b = -146, -g + 7 = -5*b - 2. What are the prime factors of g?
2, 17
Suppose 3*k = -2*k + 270. Let w(x) = -x**3 + 7*x**2 - 8*x + 8. Let b be w(6). What are the prime factors of ((-14)/21)/(b/k)?
3
Let a = 1 + 23. Let m = 44 - a. Suppose -m*s = -16*s - 108. List the prime factors of s.
3
What are the prime factors of 0/(7 + -6) - 126*-3?
2, 3, 7
What are the prime factors of (468/(-54) - -10)/((-1)/(-1134))?
2, 3, 7
Let p = -1327 + 1633. List the prime factors of p.
2, 3, 17
Let t = 54 + -50. Suppose t*v = 2*n - 68, 5*v + 0*v = 2*n - 71. What are the prime factors of n?
2, 7
Let a(z) = 5*z**2 + 2*z + 2 - 5*z**2 - 2*z**3. Suppose -j - 4*j = 10. What are the prime factors of a(j)?
2, 7
Suppose 2*v + 10*u - 448 = 5*u, 3*v + 5*u = 672. List the prime factors of v.
2, 7
Let b = -261 - -1466. What are the prime factors of b?
5, 241
Let d(r) = -r**2 - 3*r + 6. Let s be d(0). Suppose s*i - 149 = 235. List the prime factors of i.
2
Let h(m) = -51*m + 15. Let u be h(6). Let b = -186 - u. What are the prime factors of b?
3, 5, 7
Let w = 8 - 3. Let l(g) = g**2 + g. Let u be l(-2). Suppose w*s + 4 = 3*k, -u*s = -4*k - s + 28. List the prime factors of k.
2
Let y(i) = 137*i - 430. List the prime factors of y(9).
11, 73
Let f = 27 - 23. Let r(y) = 190*y + 1. Let b be r(1). Suppose 42 = -5*t - f*v + b, t = -2*v + 25. What are the prime factors of t?
3, 11
Let a(v) = 2*v**3 + 19*v**2 + 6*v + 13. List the prime factors of a(8).
3, 13, 59
Let p(d) = -d + 30. Suppose -13*n + 8*n = 0. Let i be p(n). Let g = -5 + i. What are the prime factors of g?
5
Let a(b) = 201*b - 310. What are the prime factors of a(10)?
2, 5, 17
What are the prime factors of 12422/6 + (-70)/210?
2, 3, 5, 23
Suppose -8*v = -10*v - 2*s + 5596, -2*s + 8 = 0. What are the prime factors of v?
2, 11, 127
List the prime factors of (1*168)/(8 - (8 + -1)).
2, 3, 7
What are the prime factors of (-8)/10*16185/(-26)?
2, 3, 83
List the prime factors of (-60)/(-4)*(-4)/36*-69.
5, 23
Let u be 4/(-3) - 276/(-18). Let v = 213 - u. What are the prime factors of v?
199
Suppose 0 = -17*s + 16*s. Let u(j) = 12*j - 3. Let h be u(2). Suppose s - h = -m. List the prime factors of m.
3, 7
Let b(j) = -7*j**2 + 2*j + 3. Let q be b(-1). List the prime factors of (q - -5)/(3/(-183)).
61
Suppose 0 = 2*k + 2*k - 3*p + 55, 2*p = -3*k - 20. Let n(x) = -x**2 - 10*x - 5. Let l be n(k). List the prime factors of ((-4)/l)/((-1)/(-15)).
2, 3
Let u be -4 + 7870/18 + 2/(-9). Suppose s + 360 = 4*c, -5*c + s + u = 4*s. List the prime factors of c.
89
Let p(k) = -3*k. Let g(q) = -q - 4. Suppose -11 - 9 = -4*h. Let o be g(h). What are the prime factors of p(o)?
3
Suppose -5*b + 6 = -2*b, 0 = d - 3*b - 422. What are the prime factors of d?
2, 107
Let s(j) = j**2 - 14*j + 20. Let i be s(12). Let d(g) = -2*g**3 + 7*g + 1. List the prime factors of d(i).
101
Suppose 2548 - 5316 = -8*s. What are the prime factors of s?
2, 173
Suppose 0 = -3*d - 3*v + 33, -d + 5 = 3*v - 8. Suppose 0 = -3*o + 3*m + 39, 4*o - 14 - d = -3*m. Suppose q = o + 2. List the prime factors of q.
11
Suppose 0 = -3*u - z + 272, 2*u = 4*u + 4*z - 178. List the prime factors of u.
7, 13
Suppose 4*r - 2*d + 3*d - 3748 = 0, 2*d = 0. What are the prime factors of r?
937
List the prime factors of (12/(-8) - -2)*14*106.
2, 7, 53
Let p = -675 + 1628. What are the prime factors of p?
953
List the prime factors of 34/102*(1402 - (-1 + 2)).
467
Suppose -1023 = -7*i + 2*i - 3*p, -3*i + 611 = -p. Suppose 2*h - 78 = 2*d, -d - d = -5*h + i. List the prime factors of h.
2, 3, 7
Let n(i) = -2*i**3 - 5*i**2 + 6. Suppose -16 = 5*o - 1. List the prime factors of n(o).
3, 5
Suppose 4*u - 369 - 2238 = -5*f, -4*f = -5*u - 2102. List the prime factors of f.
523
Let a(x) = 5*x - 8 + 0*x - 13 + 10*x. List the prime factors of a(15).
2, 3, 17
Suppose -3*h = -2*h - 2. Suppose 5*q = -h*k + 4*k - 10, -4*q + 15 = 3*k. Suppose 120 = 4*p + 5*f, 33 = p + 2*f - q*f. List the prime factors of p.
5
Let h be 54/2*7/21. Let q(n) = h*n - 4*n + 0*n**2 - n**2 + 2. What are the prime factors of q(4)?
2, 3
Suppose -12*a = -24*a + 63696. List the prime factors of a.
2, 1327
Suppose 0 = -d - 2*d + 192. Let r = d + -61. What are the prime factors of r?
3
Let p = -129 + 215. What are the prime factors of p?
2, 43
Let b(c) = 633*c + 119. List the prime factors of b(5).
2, 821
Suppose 3 - 6 = -3*o. List the prime factors of o - -3 - (-7 - -3).
2
Suppose -24089 + 8879 = -26*g. List the prime factors of g.
3, 5, 13
Let a be -87*(0 + -1)*4. Suppose 0 = 6*x - 222 - a. List the prime factors of x.
5, 19
Suppose 5451 = 3*g - 3*v, -2*g - 5*v + 112 + 3508 = 0. List the prime factors of g.
3, 5, 11
Suppose -20*m + 310851 = 67*m. What are the prime factors of m?
3, 397
Let b = 46 - 41. Suppose -5*s = v - 25 - b, 3*s = -5*v + 128. List the prime factors of v.
5
Suppose 5*w - u = 2*u - 10563, 5*u = 5. List the prime factors of ((w/14)/4)/((-6)/42).
2, 3, 11
List the prime factors of ((-4)/(1 + 3))/(13/(-68523)).
3, 7, 251
Suppose 4*b = -3*d + 2*d + 764, 2*d = -2*b + 1552. What are the prime factors of d?
2, 3, 5, 13
Let k be (-21)/7*14/(-3). List the prime factors of (-68)/(-7) + k/49.
2, 5
Let s(i) = 18*i**2 - i - 4. Suppose 5*z + 6 + 4 = 0. What are the prime factors of s(z)?
2, 5, 7
Let b = 315 - 304. List the prime factors of b.
11
Suppose -3*x = -2*n - 1137, 555 = 2*x - n - 203. List the prime factors of x.
379
Let l = 3165 - 1455. What are the prime factors of l?
2, 3, 5, 19
Let m = -12 + 9. Let b be 28/(-8) + m/(-6). What are the prime factors of (-1)/(b/69)*1?
23
Suppose 